{"id":23,"date":"2020-06-04T14:18:47","date_gmt":"2020-06-04T17:18:47","guid":{"rendered":"https:\/\/rickmarcenaria.com.br\/?page_id=23"},"modified":"2020-06-11T15:53:44","modified_gmt":"2020-06-11T18:53:44","slug":"o-novo-umoma-abre-suas-portas-2","status":"publish","type":"page","link":"https:\/\/rickmarcenaria.com.br\/","title":{"rendered":"&#8220;Definindo espa\u00e7os para a Vida.&#8221;"},"content":{"rendered":"\n<div class=\"wp-block-group alignwide\"><div class=\"wp-block-group__inner-container is-layout-flow wp-block-group-is-layout-flow\">\n<p>A principal vantagem de decorar a sua casa com m\u00f3veis sob medidas \u00e9 a capacidade de personalizar a pe\u00e7a conforme o espa\u00e7o e aquilo que voc\u00ea deseja.<\/p>\n\n\n\n<p>Nossos projetos buscam a funcionalidade e o melhor aproveitamento dos ambientes.<\/p>\n\n\n\n<p><\/p>\n<\/div><\/div>\n\n\n\n<div class=\"wp-block-columns alignwide is-layout-flex wp-container-core-columns-is-layout-9d6595d7 wp-block-columns-is-layout-flex\">\n<div class=\"wp-block-column is-layout-flow wp-block-column-is-layout-flow\">\n<div class=\"wp-block-group\"><div class=\"wp-block-group__inner-container is-layout-flow wp-block-group-is-layout-flow\">\n<h3 class=\"wp-block-heading\">HOME &#8211; SALA<\/h3>\n\n\n\n<figure class=\"wp-block-gallery alignfull columns-1 is-cropped wp-block-gallery-1 is-layout-flex wp-block-gallery-is-layout-flex\"><ul class=\"blocks-gallery-grid\"><li class=\"blocks-gallery-item\"><figure><img loading=\"lazy\" decoding=\"async\" width=\"720\" height=\"900\" src=\"https:\/\/rickmarcenaria.com.br\/wp-content\/uploads\/2020\/06\/23794833_1773523052941817_5925508217404931097_n.jpg\" alt=\"\" data-id=\"50\" data-full-url=\"https:\/\/rickmarcenaria.com.br\/wp-content\/uploads\/2020\/06\/23794833_1773523052941817_5925508217404931097_n.jpg\" data-link=\"https:\/\/rickmarcenaria.com.br\/?attachment_id=50\" class=\"wp-image-50\" srcset=\"https:\/\/rickmarcenaria.com.br\/wp-content\/uploads\/2020\/06\/23794833_1773523052941817_5925508217404931097_n.jpg 720w, https:\/\/rickmarcenaria.com.br\/wp-content\/uploads\/2020\/06\/23794833_1773523052941817_5925508217404931097_n-240x300.jpg 240w\" sizes=\"auto, (max-width: 720px) 100vw, 720px\" \/><\/figure><\/li><\/ul><\/figure>\n\n\n\n<p><\/p>\n<\/div><\/div>\n\n\n\n<div class=\"wp-block-group\"><div class=\"wp-block-group__inner-container is-layout-flow wp-block-group-is-layout-flow\">\n<h3 class=\"wp-block-heading\">CLOSET PERSONALIZADOS<\/h3>\n\n\n\n<figure class=\"wp-block-image alignfull size-large\"><img loading=\"lazy\" decoding=\"async\" width=\"200\" height=\"200\" src=\"https:\/\/rickmarcenaria.com.br\/wp-content\/uploads\/2020\/06\/50936313_2014355388858581_8506328801565736960_n.jpg\" alt=\"\" class=\"wp-image-56\" srcset=\"https:\/\/rickmarcenaria.com.br\/wp-content\/uploads\/2020\/06\/50936313_2014355388858581_8506328801565736960_n.jpg 200w, https:\/\/rickmarcenaria.com.br\/wp-content\/uploads\/2020\/06\/50936313_2014355388858581_8506328801565736960_n-150x150.jpg 150w\" sizes=\"auto, (max-width: 200px) 100vw, 200px\" \/><\/figure>\n<\/div><\/div>\n<\/div>\n\n\n\n<div class=\"wp-block-column is-layout-flow wp-block-column-is-layout-flow\">\n<div class=\"wp-block-group\"><div class=\"wp-block-group__inner-container is-layout-flow wp-block-group-is-layout-flow\">\n<h3 class=\"wp-block-heading\">COZINHA<\/h3>\n\n\n\n<figure class=\"wp-block-gallery alignfull columns-1 is-cropped wp-block-gallery-2 is-layout-flex wp-block-gallery-is-layout-flex\"><ul class=\"blocks-gallery-grid\"><li class=\"blocks-gallery-item\"><figure><img loading=\"lazy\" decoding=\"async\" width=\"747\" height=\"500\" src=\"https:\/\/rickmarcenaria.com.br\/wp-content\/uploads\/2020\/06\/10171705_1482020795392117_5390239458730048332_n.jpg\" alt=\"\" data-id=\"51\" data-full-url=\"https:\/\/rickmarcenaria.com.br\/wp-content\/uploads\/2020\/06\/10171705_1482020795392117_5390239458730048332_n.jpg\" data-link=\"https:\/\/rickmarcenaria.com.br\/?attachment_id=51\" class=\"wp-image-51\" srcset=\"https:\/\/rickmarcenaria.com.br\/wp-content\/uploads\/2020\/06\/10171705_1482020795392117_5390239458730048332_n.jpg 747w, https:\/\/rickmarcenaria.com.br\/wp-content\/uploads\/2020\/06\/10171705_1482020795392117_5390239458730048332_n-300x201.jpg 300w\" sizes=\"auto, (max-width: 747px) 100vw, 747px\" \/><\/figure><\/li><\/ul><\/figure>\n<\/div><\/div>\n\n\n\n<div class=\"wp-block-group\"><div class=\"wp-block-group__inner-container is-layout-flow wp-block-group-is-layout-flow\">\n<figure class=\"wp-block-gallery alignfull columns-2 is-cropped wp-block-gallery-3 is-layout-flex wp-block-gallery-is-layout-flex\"><ul class=\"blocks-gallery-grid\"><li class=\"blocks-gallery-item\"><figure><img loading=\"lazy\" decoding=\"async\" width=\"1600\" height=\"1068\" src=\"https:\/\/rickmarcenaria.com.br\/wp-content\/uploads\/2020\/06\/cozinha-churrasqueira-bancada-granito-modelos-decor-salteado-2.jpg\" alt=\"\" data-id=\"52\" data-link=\"https:\/\/rickmarcenaria.com.br\/?attachment_id=52\" class=\"wp-image-52\" srcset=\"https:\/\/rickmarcenaria.com.br\/wp-content\/uploads\/2020\/06\/cozinha-churrasqueira-bancada-granito-modelos-decor-salteado-2.jpg 1600w, https:\/\/rickmarcenaria.com.br\/wp-content\/uploads\/2020\/06\/cozinha-churrasqueira-bancada-granito-modelos-decor-salteado-2-300x200.jpg 300w, https:\/\/rickmarcenaria.com.br\/wp-content\/uploads\/2020\/06\/cozinha-churrasqueira-bancada-granito-modelos-decor-salteado-2-1024x684.jpg 1024w, https:\/\/rickmarcenaria.com.br\/wp-content\/uploads\/2020\/06\/cozinha-churrasqueira-bancada-granito-modelos-decor-salteado-2-768x513.jpg 768w, https:\/\/rickmarcenaria.com.br\/wp-content\/uploads\/2020\/06\/cozinha-churrasqueira-bancada-granito-modelos-decor-salteado-2-1536x1025.jpg 1536w, https:\/\/rickmarcenaria.com.br\/wp-content\/uploads\/2020\/06\/cozinha-churrasqueira-bancada-granito-modelos-decor-salteado-2-1200x801.jpg 1200w\" sizes=\"auto, (max-width: 1600px) 100vw, 1600px\" \/><\/figure><\/li><li class=\"blocks-gallery-item\"><figure><img loading=\"lazy\" decoding=\"async\" width=\"672\" height=\"447\" src=\"https:\/\/rickmarcenaria.com.br\/wp-content\/uploads\/2020\/06\/10431573_1481123472148516_726316123091141235_n.jpg\" alt=\"\" data-id=\"55\" data-full-url=\"https:\/\/rickmarcenaria.com.br\/wp-content\/uploads\/2020\/06\/10431573_1481123472148516_726316123091141235_n.jpg\" data-link=\"https:\/\/rickmarcenaria.com.br\/?attachment_id=55\" class=\"wp-image-55\" srcset=\"https:\/\/rickmarcenaria.com.br\/wp-content\/uploads\/2020\/06\/10431573_1481123472148516_726316123091141235_n.jpg 672w, https:\/\/rickmarcenaria.com.br\/wp-content\/uploads\/2020\/06\/10431573_1481123472148516_726316123091141235_n-300x200.jpg 300w\" sizes=\"auto, (max-width: 672px) 100vw, 672px\" \/><\/figure><\/li><\/ul><\/figure>\n\n\n\n<h4 class=\"wp-block-heading\">Projetos personalizados para cada cliente.<\/h4>\n\n\n\n<p><\/p>\n<\/div><\/div>\n\n\n\n<p><\/p>\n<\/div>\n<\/div>\n\n\n\n<figure class=\"wp-block-image alignfull size-large\"><img loading=\"lazy\" decoding=\"async\" width=\"720\" height=\"587\" src=\"https:\/\/rickmarcenaria.com.br\/wp-content\/uploads\/2020\/06\/facebook_1591901247844_6676917771437265094.jpg\" alt=\"\" class=\"wp-image-63\" srcset=\"https:\/\/rickmarcenaria.com.br\/wp-content\/uploads\/2020\/06\/facebook_1591901247844_6676917771437265094.jpg 720w, https:\/\/rickmarcenaria.com.br\/wp-content\/uploads\/2020\/06\/facebook_1591901247844_6676917771437265094-300x245.jpg 300w\" sizes=\"auto, (max-width: 720px) 100vw, 720px\" \/><\/figure>\n\n\n\n<div class=\"wp-block-group alignwide\"><div class=\"wp-block-group__inner-container is-layout-flow wp-block-group-is-layout-flow\">\n<p><strong>A Rick Marcenaria \u2013 ideias e Solu\u00e7\u00f5es oferece:<\/strong><\/p>\n\n\n\n<p>\u2022 Personaliza\u00e7\u00e3o de acordo com o seu perfil, necessidade e estilo.<\/p>\n\n\n\n<p>\u2022 Praticidade e adequa\u00e7\u00e3o de solu\u00e7\u00f5es para aproveitar o espa\u00e7o de forma inteligente.<\/p>\n\n\n\n<p>\u2022 Acabamentos: portas com vidros, dobradi\u00e7as com freio, corredi\u00e7as telesc\u00f3picas mais de 20 cores, entre outros.<\/p>\n\n\n\n<p>\u2022 Padr\u00e3o de qualidade, fabrica\u00e7\u00e3o e proced\u00eancia de mat\u00e9ria-prima.<\/p>\n\n\n\n<p>\u2022 Possibilidade de planejamento para cozinhas, banheiros, \u00e1reas de servi\u00e7o, varandas gourmet, despensas, quartos, salas de jantar e de estar e home offices.<\/p>\n\n\n\n<p>\u2022 Montagem pr\u00f3pria com equipe qualificada.<\/p>\n<\/div><\/div>\n\n\n\n<p><\/p>\n\n\n\n<div class=\"wp-block-group alignwide has-background is-layout-flow wp-block-group-is-layout-flow\" style=\"background-color:#ffffff\"><div class=\"wp-block-group__inner-container\"><\/div><\/div>\n\n\n\n<figure class=\"wp-block-gallery alignwide columns-0 is-cropped wp-block-gallery-4 is-layout-flex wp-block-gallery-is-layout-flex\"><ul class=\"blocks-gallery-grid\"><\/ul><\/figure>\n","protected":false},"excerpt":{"rendered":"<p>A principal vantagem de decorar a sua casa com m\u00f3veis sob medidas \u00e9 a capacidade de personalizar a pe\u00e7a conforme o espa\u00e7o e aquilo que voc\u00ea deseja. Nossos projetos buscam a funcionalidade e o melhor aproveitamento dos ambientes. HOME &#8211; SALA CLOSET PERSONALIZADOS COZINHA Projetos personalizados para cada cliente. A Rick Marcenaria \u2013 ideias e [&hellip;]<\/p>\n","protected":false},"author":1,"featured_media":0,"parent":0,"menu_order":0,"comment_status":"closed","ping_status":"closed","template":"","meta":{"footnotes":""},"class_list":["post-23","page","type-page","status-publish","hentry"],"yoast_head":"<!-- This site is optimized with the Yoast SEO plugin v14.2 - https:\/\/yoast.com\/wordpress\/plugins\/seo\/ -->\n<title>&quot;Definindo espa\u00e7os para a Vida.&quot; - Rick Marcenaria - Ideias e Solu\u00e7\u00f5es<\/title>\n<meta name=\"robots\" content=\"index, follow\" \/>\n<meta name=\"googlebot\" content=\"index, follow, max-snippet:-1, max-image-preview:large, max-video-preview:-1\" \/>\n<meta name=\"bingbot\" content=\"index, follow, max-snippet:-1, max-image-preview:large, max-video-preview:-1\" \/>\n<link rel=\"canonical\" href=\"https:\/\/rickmarcenaria.com.br\/\" \/>\n<meta property=\"og:locale\" content=\"pt_BR\" \/>\n<meta property=\"og:type\" content=\"article\" \/>\n<meta property=\"og:title\" content=\"&quot;Definindo espa\u00e7os para a Vida.&quot; - Rick Marcenaria - Ideias e Solu\u00e7\u00f5es\" \/>\n<meta property=\"og:description\" content=\"A principal vantagem de decorar a sua casa com m\u00f3veis sob medidas \u00e9 a capacidade de personalizar a pe\u00e7a conforme o espa\u00e7o e aquilo que voc\u00ea deseja. Nossos projetos buscam a funcionalidade e o melhor aproveitamento dos ambientes. HOME &#8211; SALA CLOSET PERSONALIZADOS COZINHA Projetos personalizados para cada cliente. A Rick Marcenaria \u2013 ideias e [&hellip;]\" \/>\n<meta property=\"og:url\" content=\"https:\/\/rickmarcenaria.com.br\/\" \/>\n<meta property=\"og:site_name\" content=\"Rick Marcenaria - Ideias e Solu\u00e7\u00f5es\" \/>\n<meta property=\"article:modified_time\" content=\"2020-06-11T18:53:44+00:00\" \/>\n<meta property=\"og:image\" content=\"https:\/\/rickmarcenaria.com.br\/wp-content\/uploads\/2020\/06\/23794833_1773523052941817_5925508217404931097_n.jpg\" \/>\n<meta name=\"twitter:card\" content=\"summary_large_image\" \/>\n<script type=\"application\/ld+json\" class=\"yoast-schema-graph\">{\"@context\":\"https:\/\/schema.org\",\"@graph\":[{\"@type\":\"WebSite\",\"@id\":\"https:\/\/rickmarcenaria.com.br\/#website\",\"url\":\"https:\/\/rickmarcenaria.com.br\/\",\"name\":\"Rick Marcenaria - Ideias e Solu\\u00e7\\u00f5es\",\"description\":\"MOVEIS 100 MDF\",\"potentialAction\":[{\"@type\":\"SearchAction\",\"target\":\"https:\/\/rickmarcenaria.com.br\/?s={search_term_string}\",\"query-input\":\"required name=search_term_string\"}],\"inLanguage\":\"pt-BR\"},{\"@type\":\"ImageObject\",\"@id\":\"https:\/\/rickmarcenaria.com.br\/#primaryimage\",\"inLanguage\":\"pt-BR\",\"url\":\"https:\/\/rickmarcenaria.com.br\/wp-content\/uploads\/2020\/06\/23794833_1773523052941817_5925508217404931097_n.jpg\",\"width\":720,\"height\":900},{\"@type\":\"WebPage\",\"@id\":\"https:\/\/rickmarcenaria.com.br\/#webpage\",\"url\":\"https:\/\/rickmarcenaria.com.br\/\",\"name\":\"\\\"Definindo espa\\u00e7os para a Vida.\\\" - Rick Marcenaria - Ideias e Solu\\u00e7\\u00f5es\",\"isPartOf\":{\"@id\":\"https:\/\/rickmarcenaria.com.br\/#website\"},\"primaryImageOfPage\":{\"@id\":\"https:\/\/rickmarcenaria.com.br\/#primaryimage\"},\"datePublished\":\"2020-06-04T17:18:47+00:00\",\"dateModified\":\"2020-06-11T18:53:44+00:00\",\"inLanguage\":\"pt-BR\",\"potentialAction\":[{\"@type\":\"ReadAction\",\"target\":[\"https:\/\/rickmarcenaria.com.br\/\"]}]}]}<\/script>\n<!-- \/ Yoast SEO plugin. -->","_links":{"self":[{"href":"https:\/\/rickmarcenaria.com.br\/index.php?rest_route=\/wp\/v2\/pages\/23","targetHints":{"allow":["GET"]}}],"collection":[{"href":"https:\/\/rickmarcenaria.com.br\/index.php?rest_route=\/wp\/v2\/pages"}],"about":[{"href":"https:\/\/rickmarcenaria.com.br\/index.php?rest_route=\/wp\/v2\/types\/page"}],"author":[{"embeddable":true,"href":"https:\/\/rickmarcenaria.com.br\/index.php?rest_route=\/wp\/v2\/users\/1"}],"replies":[{"embeddable":true,"href":"https:\/\/rickmarcenaria.com.br\/index.php?rest_route=%2Fwp%2Fv2%2Fcomments&post=23"}],"version-history":[{"count":6,"href":"https:\/\/rickmarcenaria.com.br\/index.php?rest_route=\/wp\/v2\/pages\/23\/revisions"}],"predecessor-version":[{"id":65,"href":"https:\/\/rickmarcenaria.com.br\/index.php?rest_route=\/wp\/v2\/pages\/23\/revisions\/65"}],"wp:attachment":[{"href":"https:\/\/rickmarcenaria.com.br\/index.php?rest_route=%2Fwp%2Fv2%2Fmedia&parent=23"}],"curies":[{"name":"wp","href":"https:\/\/api.w.org\/{rel}","templated":true}]}}